s divided by w.
27
Suppose g - y - 517 = 0, -30*y - 1029 = -2*g - 29*y. Calculate the remainder when g is divided by 28 - 1/(-2)*(-2 + 0).
26
Suppose -5*m = -3*m - 6. Let d be ((-1125)/(-13))/m - (-8)/52. Let s = 57 - d. What is the remainder when 74 is divided by s?
18
Let n = -3057 + 3424. Calculate the remainder when n is divided by 77.
59
Let m(y) = y**3 + 4*y**2 - y + 4. Let g be m(-4). Suppose -5*k + 32 + g = 0. Let d = -272 + 283. What is the remainder when d is divided by k?
3
Suppose -11562*z - 6576 = -11570*z. Calculate the remainder when z is divided by 11.
8
Suppose -18 = -2*o - 3*g, -3*o = 4*g + g - 28. Calculate the remainder when 306 is divided by (o/(-4))/(11/(-88)).
6
Suppose 5*y = 43 + 22. Suppose -3*i + 3*n + y = -107, i - 5*n = 56. What is the remainder when 68 is divided by i?
32
Let x(v) = -v**3 + 7*v**2 + 78*v + 7. Let a be x(-6). Suppose -3*r + a = -20. Suppose 0*d = -d + 62. Calculate the remainder when d is divided by r.
8
Suppose 0 = 23*u - 19*u + 1116. Let s = -531 - u. Calculate the remainder when 31 is divided by s/(-30) - 4/10.
7
Let c(j) = j + 1. Let m be c(4). Suppose 0*k - m*k = -45. Suppose -3*x + k - 277 = -4*d, -3*d + 201 = 5*x. What is the remainder when d is divided by 18?
13
Suppose 0 = -0*l - 2*l + 88. Suppose 4*d + l = 196. Suppose 163*k - 37 = 174*k - 180. Calculate the remainder when d is divided by k.
12
Let y(i) = 2*i**3 - 19*i**2 + 13*i - 17. Let f be y(8). Let h(u) = -41*u + 1. What is the remainder when h(-3) is divided by (-3510)/f + 6/(-14)?
25
Suppose -3*n + 10 = 5*t + 2*n, -4*t - 5*n = -8. Let o(f) = -12*f**t + 8*f**2 + 0*f + f + 8*f**2. Calculate the remainder when 21 is divided by o(1).
1
Suppose -4*d = 3*r - 724, -3*d - 460 = 3*r - 5*r. Let z = 96 - 18. What is the remainder when r is divided by z?
2
Let x(h) = 169*h + 6001. What is the remainder when x(-28) is divided by 71?
62
Calculate the remainder when 2/(6/(-75))*(-2 + -120) - 7 is divided by 254.
249
Let h be (7/(-4))/(305/(-60) + 5). What is the remainder when 15846/h + 96/(-168) is divided by 21?
19
Suppose 0 = 1277*z - 1269*z - 408. Calculate the remainder when (-4)/14 + 2790/14 is divided by z.
46
What is the remainder when (-86 + 6996)*(-1 + 2) is divided by 64?
62
Suppose 0 = -28*f + 17*f + 308. Suppose -f*n + 1242 = 26*n. What is the remainder when 318 is divided by n?
19
Suppose -3*x + 558 = -x - 2*t, 0 = -t. Let p = -236 + x. Calculate the remainder when p is divided by 26.
17
Let t be 17/(-5) - (-2)/(-10)*-2. Let g be (-1)/4 - t/(12/421). Suppose 4*d - 2*y = 150, -d + g = d + 5*y. What is the remainder when 157 is divided by d?
37
Let v(d) = 9*d + 56. Calculate the remainder when 186 is divided by v(-1).
45
Suppose 8014 = -33*x + 34645. Suppose x = -24*b + 25*b. Calculate the remainder when b is divided by 45.
42
Suppose -2 - 10 = -4*g. Let p = 134799 + -134620. Calculate the remainder when p is divided by g.
2
Let h be -1 - (-1 + -1 + 2). Calculate the remainder when (41*1)/(2 + h) is divided by (242/(-33) - 420/(-18)) + 1*5.
20
Suppose 5*u = -31*b + 26*b - 15, 2*u - 18 = b. Suppose -6 = 2*l, -5*n + 3*l = -2*l - 20. Calculate the remainder when (1 - -16) + n + 0 is divided by u.
3
Suppose -58*d - 366 + 423 = -929. Calculate the remainder when 39931 is divided by d.
15
Let w = 1912 - 1131. Calculate the remainder when w is divided by 17.
16
Let u = -1079 - -1331. What is the remainder when u is divided by 119?
14
Suppose 47*h = 43*h + 116. Suppose -3*c = 2*c + 3*w - h, -3*w = -4*c + 7. What is the remainder when ((-42)/9)/((-4)/12) is divided by c?
2
Suppose -68 = -4*k - 4*d, -3*k + 23 = -3*d - 10. Calculate the remainder when (-3)/6*-151*2 is divided by k.
11
Suppose 0 = 3*s - 244 - 287. Suppose -20*q = -2037 + s. Calculate the remainder when q is divided by (-12)/9*(-25 - -1).
29
Let h be (0 - (4 + -3))*85. Let n = -45 - h. Let m = -18 + n. Calculate the remainder when m is divided by 5.
2
Let c be (2/6)/(3/27). Suppose 32 = c*z - 25. What is the remainder when 84 + (-1376)/258*(2 + 14/(-4)) is divided by z?
16
Suppose -s = 2*o - 87 - 1076, -s + o = -1154. What is the remainder when s is divided by 66?
35
Let c = 9282 - 8582. Calculate the remainder when c is divided by 115.
10
Let v(g) = 22*g + 55. What is the remainder when 100 is divided by v(-1)?
1
Suppose -3*a = -65 - 115. Suppose 65*s - a*s = 95. What is the remainder when (1 - -1 - -2) + 51 is divided by s?
17
Let t be (0/(-2))/((-10)/(-10)). Suppose t = -4*g - 2*s + 220, -2*g = 3*s - 7*s - 110. Calculate the remainder when g is divided by 29.
26
Let u = -209 + 214. Suppose -5025 = u*b - 30*b. Calculate the remainder when b is divided by 34.
31
Let k be (29 - 2/(-1))*10. Let b = k - 133. Calculate the remainder when b is divided by 1*1/2*30.
12
Let k = 1330 + -178. Suppose 67 = -5*o + k. What is the remainder when o is divided by 38?
27
Let c(y) = y + 3. Let n be c(3). Let r(d) = d - 2. What is the remainder when r(6) is divided by 3/12*(n + 2)?
0
Let n(g) = 4*g - 48. Let l be n(14). Suppose -125 = -13*f + l*f. Suppose -f*z = -28*z + 36. Calculate the remainder when 59 is divided by z.
11
Calculate the remainder when 11363 is divided by (-7)/56*4320/(-20).
23
Let g(f) = f**3 + 22*f**2 - 72*f + 92. Let u(k) = 16*k + 3. What is the remainder when u(7) is divided by g(-25)?
13
Suppose -125*g + 127*g - 118 = 2*b, -3*b - 224 = -4*g. Suppose 6*p = p + 155. Calculate the remainder when g is divided by p.
16
Let r(p) = 6 - 11 - 18*p + 9*p + 245. Calculate the remainder when 212 is divided by r(26).
2
Suppose -3*a - 126 = -6*a. Suppose a = -y + 71. Calculate the remainder when y is divided by 1/(1 + (-15)/16).
13
Suppose -5641*t = -5647*t + 3054. What is the remainder when t is divided by 20?
9
Let a(x) = -x**3 + 57*x**2 - 40*x - 864. Calculate the remainder when 765 is divided by a(56).
29
Let x(q) = -q - 29. Let y be x(-21). Let h be ((-2)/(-2))/(5 - (-42)/y). Calculate the remainder when 18 is divided by -8*((-1)/h)/(5/(-10)).
2
Let t(y) = 62*y + 454. Let h(z) = 31*z + 227. Let k(i) = -5*h(i) + 3*t(i). Calculate the remainder when k(5) is divided by 24.
22
Let z = 6423 - 6367. Calculate the remainder when z is divided by 18.
2
Let t be (-2)/(-8) - (2010/(-24) + 0). Suppose -78 = -97*h + t*h. What is the remainder when 51 is divided by h?
3
Let p = 53 - -71. Let u = p + 45. Calculate the remainder when u is divided by 43.
40
Suppose 3*i = -3*q + 633, -q - 2 = 2. What is the remainder when 1088 is divided by i?
13
Suppose 0 = -2*c + 70. Suppose 318 = -3*r + 327. Suppose r*o = 5*o - 5*s - 258, 0 = -2*o + 2*s + 270. What is the remainder when o is divided by c?
34
Let g(s) = -s**3 - s**2 + s + 8. Let b be g(0). Calculate the remainder when (-1463)/(-44) - 2/b is divided by 36/20*40/12.
3
Suppose -2*y = -w - 236, -4*w + 1 = -7. What is the remainder when y is divided by 108?
11
Suppose 5*k - 183 = 3*i, k - 73 = -k + i. Let j be (-4)/16 - ((-34)/8 - -1). Let m = 7 + j. What is the remainder when k is divided by m?
6
Let g(f) = f**2 - 13*f + 4. Let o be g(0). Calculate the remainder when -3*o*(-279)/36 is divided by 22.
5
Let i(y) = -2*y**2 - 6*y + 2. Let b be i(6). Let j = 259 + -309. Let u = j - b. Calculate the remainder when u is divided by 29.
27
Let n(g) = 128*g + 7135. Calculate the remainder when n(-46) is divided by 17.
6
Suppose 0 = 18*q - 14 - 94. Suppose -q*z = -94 - 68. Calculate the remainder when 185 is divided by z.
23
Let g(p) = 34*p + 2254. Calculate the remainder when 1299 is divided by g(-66).
9
Suppose 2*s + 3*s = -3*h + 115, 5*h - s - 229 = 0. Calculate the remainder when 114 is divided by h.
24
Suppose 16 - 32 = -8*x. Suppose 4*u - 23 = -x*a + a, -2*a + 3*u + 57 = 0. Calculate the remainder when 98 is divided by a.
17
Suppose 65*d - 66*d + 4*h + 220 = 0, -4*h - 700 = -3*d. Suppose -2*o - 5*n + 36 - 7 = 0, 0 = o + 4*n - 7. Calculate the remainder when d is divided by o.
24
Let r(d) = -213*d + 2219. What is the remainder when r(10) is divided by 40?
9
Let g = 669897 - 669880. Suppose x - 2*y + 0*y - 393 = 0, -2*y = 4. Calculate the remainder when x is divided by g.
15
Suppose 4*o - 753 = -5*z, -z - 5*o = 2*z - 457. Let l = -117 + z. Calculate the remainder when l is divided by 17.
15
Let c(q) = 2*q**2 + 10*q + 20. Let o be c(-4). Suppose 4*k - o = 0,